-4*g + y + 421. What is the tens digit of g?
0
Let u(r) = 2*r**2 + 20*r + 45. Let j be u(-4). What is the hundreds digit of (-25)/(j/2 + (-341)/(-242))?
2
Suppose -2*a = 5*p - 18583, 3*a - 6*a + 14872 = 4*p. What is the hundreds digit of p?
7
Suppose -737*q = -x - 742*q + 23070, 2*q + 69125 = 3*x. What is the thousands digit of x?
3
Let w(z) = 2667*z - 1529. What is the tens digit of w(17)?
1
Let l(b) = -15*b + 6. Let a be l(-2). Suppose 13*p + 3519 = a*p. What is the tens digit of p?
5
Suppose -5*q + 10 = -10. Suppose 4*w = x - 5, -x - q*w = 3*x - 20. Let m = 35 + x. What is the tens digit of m?
4
Suppose 26*i - 4*i = 628452. What is the units digit of i?
6
Suppose -23*w - 18*w + 106601 + 166746 = 0. What is the tens digit of w?
6
Let a(r) = 7*r + 33. Let t(q) = 7*q + 32. Suppose 2*j = 5*j - 15. Let y(u) = j*t(u) - 6*a(u). What is the hundreds digit of y(-22)?
1
Let t be ((-4)/10)/(3/(-30)). Suppose o + t*c = -10, 3*o = -4*c + 11 - 1. Suppose o*h = 11*h - 11. What is the units digit of h?
1
Suppose 168696 - 56649 = 13*y. What is the thousands digit of y?
8
Suppose -5*c + 3 = 8. Let k(g) = -2*g**3 - 2*g**2 - 4*g - 2. Let h be k(c). Suppose h*u - 19 = 37. What is the units digit of u?
8
Let m(b) = -480*b - 58. Let z be m(3). What is the tens digit of ((-35)/21)/(-2 - z/750)?
2
Let t = -353 - -539. Suppose -2*x = -t - 4. What is the tens digit of x?
9
Let o(k) = 3*k**3 + 5*k**2 - 5*k - 15. Let l be o(-6). Let f = 671 + l. What is the hundreds digit of f?
2
Suppose -178*z + 176*z = -2238. Let r = 117 + z. What is the thousands digit of r?
1
Let o(p) = 2*p**2 - 142*p + 17014. What is the thousands digit of o(0)?
7
Let v = -49 + 32. Let c = v - -17. Suppose 145 = -c*d + 5*d. What is the tens digit of d?
2
Suppose 337*k - 5704140 = -75*k. What is the thousands digit of k?
3
Suppose 0 = -5*n + 2*s + 364, -n + 3*s + s = -80. Suppose -2*i = -n - 264. What is the hundreds digit of i?
1
Suppose -114*r + 1336537 - 347425 + 1545336 = 0. What is the ten thousands digit of r?
2
Suppose d + 13 = 19. Suppose 3*h + 12 = 0, -2*h + 0*h = -2*y + d. What is the hundreds digit of 116 + (-4 + y)/5?
1
Suppose 40 - 32 = q. Suppose -x = -q*x + 14. What is the units digit of x?
2
Suppose -3*k = -85*v + 84*v + 5672, -17016 = -3*v + k. What is the units digit of v?
2
Let n(g) = g**2 - 7*g - 30. Let b be n(15). Let d = b - 94. What is the units digit of 70*2*(d - (-9)/2)?
0
Let z(d) = -3*d**2 - 76*d + 19. Let g(y) = -1. Let p(n) = 4*g(n) + z(n). What is the hundreds digit of p(-17)?
4
Suppose 3*t = 2*f - 56532, -t = -5*f + 4*t + 141330. What is the hundreds digit of f?
2
Suppose o - 121*v - 14404 = -116*v, 2*o = -2*v + 28760. What is the ten thousands digit of o?
1
Let b be ((-4)/16)/(2/(-8))*907. Suppose 14*d - b = 1893. What is the units digit of d?
0
Suppose 6*s - 9*s = -18. What is the hundreds digit of 54810/144 + s/16?
3
Suppose 27*j = 142591 - 4069 + 46914. What is the hundreds digit of j?
8
What is the tens digit of 9/21 - (-182596)/14?
4
Let w(z) = z**3 - 21*z**2 + 51*z + 57. Let a be w(18). Let u = 51 - 5. Let v = a + u. What is the tens digit of v?
4
Let k(n) = -6*n - 16. Let z be k(-9). Suppose -34*f + z*f = 36. Suppose -f*y + 273 + 69 = 0. What is the units digit of y?
8
Let z(u) = 34982*u**2 + 9*u - 16. What is the tens digit of z(1)?
7
Let b(h) = -24*h - 34. Let y(k) = -16*k - 25. Let o(l) = -1. Let m(r) = 2*o(r) - y(r). Let i(s) = -5*b(s) - 8*m(s). What is the tens digit of i(-5)?
2
Let a(t) = 1994*t - 5727. What is the hundreds digit of a(13)?
1
Let x(q) = -66901*q + 247. What is the thousands digit of x(-1)?
7
Let x(u) be the first derivative of u**4/12 - u**3/6 + 29*u**2/2 + 29*u - 1. Let v(a) be the first derivative of x(a). What is the units digit of v(0)?
9
Let y be ((-944)/10 - 1)/(54/(-810)). Suppose 27*s = -27 + y. What is the units digit of s?
2
Suppose -3*w = 0, -2*w - 90 = 3*d - 87. Let i(y) = -1082*y**3 - 5*y**2 - 3*y - 1. What is the thousands digit of i(d)?
1
Let b = 193 - -544. Let a = 14330 + -14791. Let f = b + a. What is the units digit of f?
6
Let h(c) = c**2 + c - 25. Let g be h(5). Suppose 4*o = 0, -p = -g*o - 524 - 190. What is the hundreds digit of p?
7
Suppose 3*k + 22 = -17. Let l = k + 28. What is the tens digit of l/6*(-3 - -37)?
8
Let q = 4398 - -71526. What is the thousands digit of q?
5
What is the units digit of 21*(-620803)/(-406) - 1/(-2)?
1
Let o = 19 - 19. Suppose 933 = 5*d - 6*h + 10*h, 5*d - 4*h - 917 = o. What is the tens digit of d?
8
What is the tens digit of (-138939196)/6083*(-7)/2?
4
What is the tens digit of ((-3)/(15/10))/(9/(-199809)*1)?
0
Suppose -t - 5158 = -2*w, -37*t + 39*t - 4 = 0. What is the hundreds digit of w?
5
Let m = 8075 + 19520. What is the hundreds digit of m?
5
Let j = 41 + -38. Let r be (-5 - -5) + j + -1. Suppose -5*g + 18 = -r. What is the units digit of g?
4
Let z(f) = f**3 + 31*f**2 - 71*f + 38. Let p be (-8)/20 + ((-1304)/(-5))/(-8). What is the tens digit of z(p)?
0
Let t = -949 + 1399. Suppose 4*p + 1680 = 4*v - 0*p, -v + t = 5*p. What is the units digit of v?
5
Suppose 12*o - 68164 + 4276 = 0. What is the units digit of o?
4
Suppose -2*a = 3*c - 140, -3*c = 3*a - 7*c - 193. Let z = a + -65. Suppose z*r = 111 + 1. What is the tens digit of r?
5
Let q(a) = -215*a. Let w be q(-6). Suppose -15*t + w = -9*t. What is the tens digit of t?
1
Suppose -660928 = -20*z + 613452. What is the ten thousands digit of z?
6
Let c(m) = -m**2 + 36*m + 160. Let h be c(40). Suppose -v + 3*s = 4*s - 24, -4*s + 8 = h. What is the tens digit of v?
2
Let x be 9/((-4)/144*-6). Suppose -x - 36 = -g. What is the tens digit of g?
9
Suppose -759 = q - 12*q. Let c = q + -21. What is the units digit of c?
8
Let r(w) = -w**3 - 5*w**2 - 4*w - 13. Let z = 30 - 0. Suppose 4*n + z = -n. What is the units digit of r(n)?
7
What is the tens digit of (-12)/3*-1 - 296/(-2)*10?
8
Suppose 14*i - 10*i = -2*y + 181472, -136105 = -3*i - 2*y. What is the thousands digit of i?
5
Suppose -5 = -q + 12. Let t = -18 + q. What is the tens digit of (t + -1)/4 - 2535/(-10)?
5
Let f = 139 + -135. Suppose 0*p + d = -2*p + 1516, -4*d + 3040 = f*p. What is the tens digit of p?
5
Let r(x) = 7*x + 3. Let c(m) = -4*m - 2. Let j(f) = 5*c(f) + 3*r(f). Let p be j(-7). What is the tens digit of (-160)/(-30)*(-162)/p?
0
Let y be ((-2)/(-11) - (-590)/385)*7. Suppose -b = -13*t + y*t + 1197, -2*t = -3*b - 2391. What is the units digit of t?
0
Let y be (-21)/(-14)*(-8)/3. What is the tens digit of 80/(y - (-125)/30)?
8
Suppose -16*y = 4954 - 1642. Let m = 203 - y. What is the hundreds digit of m?
4
Suppose 13*r - 4*r - 41022 = 0. Suppose 5*q - 5705 = -0*q + p, 4*q = 2*p + r. What is the units digit of q?
2
Suppose 46*p = 44*p + 2490. Suppose -3*x + p = -0*i + i, -423 = -x - 3*i. What is the hundreds digit of x?
4
What is the tens digit of 58944/5 - (-14)/210*3?
8
Let v be (-1 + 1 + -5)/(-20 + 19). Suppose -5*y + 1048 = 5*t - 207, 20 = -v*t. What is the hundreds digit of y?
2
Suppose s + 67 = 2*s. Let i = s + -65. Suppose -3*u + 3*y - i*y + 193 = 0, 5*y = 4*u - 272. What is the tens digit of u?
6
Suppose -2072 = 7*u + u. Let x = u - -627. What is the tens digit of x?
6
Let x(w) = 9663*w**2 - 85*w - 122. What is the ten thousands digit of x(-2)?
3
Let s(n) = -11*n**2 - 4*n + 3. Let g(m) = 4*m**2 + m - 1. Suppose 2*q + 0 = 16. Let u(c) = q*g(c) + 3*s(c). What is the units digit of u(-4)?
1
Let c(x) = 27*x**3 + 2*x**2 - x + 3. Let t(j) = j**2 + 18*j - 86. Let g be t(-22). What is the tens digit of c(g)?
2
Let f(a) = 17*a**3 - 3*a**2 + 12*a + 13. What is the units digit of f(5)?
3
Suppose -r + 0*x = -x + 1, -3*r - 7 = -5*x. Let w be (-7)/(-1)*r/(1 + 0). Suppose -13*v + w*v + 576 = 0. What is the units digit of v?
6
Suppose -2549 - 12596 = -2*o + u, -5*u = 2*o - 15115. What is the tens digit of o?
7
Let d(v) = -35*v - 108. Let w(o) = 35*o + 108. Let z(p) = -6*d(p) - 5*w(p). What is the units digit of z(10)?
8
Suppose 3*j + 38472 = 3*t + 744, 0 = -t - 4*j + 12566. What is the units digit of t?
4
Let t(h) = -2*h + 18. Let g be t(8). Let z be g*(-12)/8*(1 + -2). Suppose -a = -4*f + 2*a + 480, z*f - 4*a = 367. What is the hundreds digit of f?
1
Let p = 12 + 40. Suppose -f - 221 = 5*h, -2*f + 15 = h + p. Let s = h + 62. What is the tens digit of s?
1
Suppose -n = 